t is the remainder when 6066334 is divided by 1516578?
22
Calculate the remainder when 646950 is divided by 4313.
0
What is the remainder when 338263 is divided by 47765?
3908
What is the remainder when 172501 is divided by 1539?
133
What is the remainder when 650413479 is divided by 8?
7
Calculate the remainder when 1490651 is divided by 23661.
8
Calculate the remainder when 809581 is divided by 474.
463
Calculate the remainder when 39039471 is divided by 1667.
1665
What is the remainder when 226421 is divided by 1549?
267
What is the remainder when 71280083 is divided by 187?
171
What is the remainder when 137986 is divided by 243?
205
What is the remainder when 55082023 is divided by 82?
81
Calculate the remainder when 57650 is divided by 14277.
542
Calculate the remainder when 2689887 is divided by 168117.
15
Calculate the remainder when 5812898 is divided by 1162555.
123
Calculate the remainder when 3998088 is divided by 1353.
1326
Calculate the remainder when 46891 is divided by 2032.
155
Calculate the remainder when 6097627 is divided by 695.
392
Calculate the remainder when 2468283 is divided by 308534.
11
Calculate the remainder when 175506 is divided by 63.
51
What is the remainder when 281994 is divided by 281632?
362
Calculate the remainder when 42030 is divided by 21002.
26
What is the remainder when 3444579 is divided by 492082?
5
Calculate the remainder when 746901 is divided by 522.
441
Calculate the remainder when 1630246 is divided by 23626.
52
Calculate the remainder when 9961346 is divided by 237174.
38
Calculate the remainder when 5029346 is divided by 58.
50
Calculate the remainder when 478632 is divided by 31273.
9537
What is the remainder when 30238440 is divided by 2337?
2334
Calculate the remainder when 3024051 is divided by 17673.
1968
What is the remainder when 5184934 is divided by 184?
182
Calculate the remainder when 401069 is divided by 1525.
1519
What is the remainder when 1576557 is divided by 3244?
3217
What is the remainder when 3935014 is divided by 357728?
6
What is the remainder when 3567767 is divided by 57544?
39
Calculate the remainder when 438753 is divided by 1170.
3
Calculate the remainder when 5840019 is divided by 343498.
553
Calculate the remainder when 103355855 is divided by 44.
31
Calculate the remainder when 113581 is divided by 37834.
79
What is the remainder when 28732 is divided by 922?
150
Calculate the remainder when 35824533 is divided by 198.
195
What is the remainder when 27265645 is divided by 23?
19
What is the remainder when 265098 is divided by 264998?
100
What is the remainder when 401120 is divided by 40110?
20
What is the remainder when 45094541 is divided by 37?
14
Calculate the remainder when 1638129 is divided by 233990.
199
Calculate the remainder when 675085 is divided by 86.
71
What is the remainder when 19089791 is divided by 24?
23
Calculate the remainder when 652598 is divided by 326277.
44
What is the remainder when 4570592 is divided by 21?
5
Calculate the remainder when 146564 is divided by 146116.
448
What is the remainder when 53398724 is divided by 299?
15
What is the remainder when 40035 is divided by 297?
237
Calculate the remainder when 1801026 is divided by 94790.
16
Calculate the remainder when 37220524 is divided by 18.
16
What is the remainder when 680107 is divided by 226652?
151
Calculate the remainder when 14425 is divided by 14090.
335
What is the remainder when 10733769 is divided by 1004?
5
Calculate the remainder when 153912 is divided by 10025.
3537
Calculate the remainder when 368687 is divided by 61391.
341
Calculate the remainder when 35061 is divided by 28813.
6248
What is the remainder when 1046105 is divided by 4931?
733
What is the remainder when 65184 is divided by 785?
29
What is the remainder when 10763255 is divided by 42?
41
What is the remainder when 124940 is divided by 281?
176
What is the remainder when 317445 is divided by 934?
819
What is the remainder when 34512944 is divided by 110974?
30
Calculate the remainder when 42788 is divided by 1400.
788
What is the remainder when 85729950 is divided by 2711?
2708
Calculate the remainder when 729515 is divided by 243143.
86
What is the remainder when 872459 is divided by 9089?
9004
Calculate the remainder when 79318 is divided by 4532.
2274
What is the remainder when 12618014 is divided by 4206002?
8
What is the remainder when 63413 is divided by 31693?
27
Calculate the remainder when 108871 is divided by 1377.
88
What is the remainder when 120660 is divided by 9161?
1567
Calculate the remainder when 25601015 is divided by 21.
20
What is the remainder when 484748228 is divided by 3?
2
What is the remainder when 938769864 is divided by 1113?
1110
Calculate the remainder when 523615 is divided by 173453.
3256
What is the remainder when 149051 is divided by 29474?
1681
Calculate the remainder when 534098 is divided by 172.
38
What is the remainder when 1858875 is divided by 16022?
323
Calculate the remainder when 1262426 is divided by 3196.
6
What is the remainder when 9777083 is divided by 1641?
5
What is the remainder when 177628 is divided by 727?
240
Calculate the remainder when 489605 is divided by 3626.
95
Calculate the remainder when 5394722 is divided by 11239.
2
Calculate the remainder when 1361599 is divided by 21.
1
Calculate the remainder when 12319262 is divided by 21.
11
Calculate the remainder when 6385760 is divided by 108.
44
What is the remainder when 339904 is divided by 362?
348
What is the remainder when 82959 is divided by 16454?
689
Calculate the remainder when 259257 is divided by 1956.
1065
Calculate the remainder when 56537245 is divided by 3825.
3745
Calculate the remainder when 5152050 is divided by 12296.
26
What is the remainder when 340574 is divided by 84885?
1034
Calculate the remainder when 33688254 is divided by 431.
1
Calculate the remainder when 84383031 is divided by 1294.
1291
Calculate the remainder when 1557430 is divided by 760.
190
What is the remainder when 11937034 is divided by 99?
10
Calculate the remainder when 13882604 is divided by 53.
49
Calculate the remainder when 1150224 is divided by 770.
614
Calculate the remainder when 3117108 is divided by 559.
124
What is the remainder when 82067885 is divided by 7?
4
Calculate the remainder when 424884 is divided by 832.
564
What is the remainder when 2708753904 is divided by 3974?
3972
What is the remainder when 210370 is divided by 3287?
2
What is the remainder when 13496953 is divided by 19?
18
Calculate the remainder when 158689 is divided by 10573.
94
What is the remainder when 904777 is divided by 60?
37
Calculate the remainder when 95825 is divided by 538.
61
Calculate the remainder when 910439 is divided by 36.
35
Calculate the remainder when 28611 is divided by 278.
255
Calculate the remainder when 276670 is divided by 646.
182
What is the remainder when 170825 is divided by 28243?
1367
What is the remainder when 39985 is divided by 19813?
359
What is the remainder when 2741833 is divided by 685453?
21
What is the remainder when 19617276 is divided by 673?
672
What is the remainder when 232472 is divided by 5960?
32
What is the remainder when 970042 is divided by 242272?
954
Calculate the remainder when 8196478 is divided by 1022.
38
What is the remainder when 2401273 is divided by 1241?
1179
Calculate the remainder when 236439 is divided by 7756.
3759
Calculate the remainder when 89293 is divided by 201.
49
What is the remainder when 5240349 is divided by 8?
5
What is the remainder when 109025637 is divided by 166?
157
What is the remainder when 5898942 is divided by 253?
247
Calculate the remainder when 3798777 is divided by 542681.
10
Calculate the remainder when 5084700 is divided by 5982.
0
Calculate the remainder when 3501781 is divided by 63.
52
What is the remainder when 1236128 is divided by 1416?
1376
Calculate the remainder when 19707 is divided by 268.
143
Calculate the remainder when 102873 is divided by 4674.
45
What is the remainder when 870328 is divided by 870328?
0
What is the remainder when 38997 is divided by 397?
91
Calculate the remainder when 3109715 is divided by 345521.
26
Calculate the remainder when 5073979 is divided by 11351.
82
Calculate the remainder wh